{"id":6,"date":"2015-01-09T12:46:35","date_gmt":"2015-01-09T10:46:35","guid":{"rendered":"http:\/\/www.autoflimmern.de\/?page_id=6"},"modified":"2025-04-01T14:07:30","modified_gmt":"2025-04-01T12:07:30","slug":"kontakt-impressum","status":"publish","type":"page","link":"https:\/\/www.autoflimmern.de\/?page_id=6","title":{"rendered":"Impressum \/ Kontakt"},"content":{"rendered":"<div class=\"entry-content clearfix\">\n<p><strong>\u00badie eine\u2026 nacht \/\/ Festungsflimmern<br \/>\n<\/strong>Manger &amp; Werther GbR vertr. d.d. pers\u00f6nlich haftenden Gesellschafter:<br \/>\nNico Manger &amp; Steffen Werther<\/p>\n<p>Beethovenstr. 5D<br \/>\n97080 W\u00fcrzburg<\/p>\n<div id=\"primary\" class=\"site-content cf\">\n<article id=\"post-55\" class=\"cf post-55 page type-page status-publish hentry\">\n<div class=\"entry-content cf\">\n<p class=\"p3\"><strong><span class=\"s1\">Bei Ticket-Problemen bitte eine kleine E-Mail an:<\/span><\/strong><\/p>\n<p class=\"p3\"><strong>kino@dieeine.de<\/strong><\/p>\n<p>&nbsp;<\/p>\n<p>Tel: \u00a00931 45321034 (14-17 Uhr)<\/p>\n<p>&nbsp;<\/p>\n<\/div>\n<\/article>\n<\/div>\n<p class=\"p1\"><strong>Hinweis zur Streitbeilegung:<br \/>\n<\/strong>Die Online-Streitbeilegung-Plattform der EU-Kommission finden Sie hier:<br \/>\n<a href=\"https:\/\/ec.europa.eu\/consumers\/odr\">https:\/\/ec.europa.eu\/consumers\/odr<\/a><\/p>\n<p class=\"p1\">Wir sind nicht bereit und nicht verpflichtet, an einem Streitbeilegungsverfahren vor\u00a0einer Verbraucherschlichtungsstelle teilzunehmen.<\/p>\n<p><strong>Fotonachweis:<br \/>\n<\/strong>Fotorechte liegen bei den jeweiligen Filmverleihern; Kopieren nicht erlaubt.<\/p>\n<p>Fotos Location:<\/p>\n<p>Nico Manger Fotograf W\u00fcrzburg &#8211; <a href=\"https:\/\/www.nico-manger.de\">https:\/\/www.nico-manger.de<\/a><\/p>\n<p>Die Hotel-Fotografen Tom &amp; Nico: Hotelfotografie &amp; Hotelvideos mit Emotionen und viel Liebe zum Detail: <a href=\"https:\/\/www.hotel-fotografen.de\">https:\/\/www.hotel-fotografen.de<\/a><\/p>\n<p><a title=\"Fotostudio W\u00fcrzburg\" href=\"http:\/\/www.studio5d.de\" target=\"_blank\" rel=\"noopener noreferrer\">www.studio5d.de Fotostudio W\u00fcrzburg<\/a><\/p>\n<div><\/div>\n<p><strong>&gt; Unsere allgemeinen Gesch\u00e4ftsbedingungen:<\/strong><\/p>\n<div class=\"entry-content cf\">\n<p>&nbsp;<\/p>\n<p class=\"p1\"><strong>Hinweis zur Streitbeilegung:<br \/>\n<\/strong>Die Online-Streitbeilegung-Plattform der EU-Kommission finden Sie hier:<br \/>\n<a href=\"https:\/\/ec.europa.eu\/consumers\/odr\">https:\/\/ec.europa.eu\/consumers\/odr<\/a><\/p>\n<p class=\"p1\">Wir sind nicht bereit und nicht verpflichtet, an einem Streitbeilegungsverfahren vor\u00a0einer Verbraucherschlichtungsstelle teilzunehmen.<\/p>\n<ul>\n<li><strong>1 Geltungsbereich, Gegenstand und Abschluss des jeweiligen Vertrages<\/strong><\/li>\n<\/ul>\n<ol>\n<li>Die folgenden Bedingungen regeln abschlie\u00dfend das Vertragsverh\u00e4ltnis zwischen \u00badie eine\u2026 nacht \/\/ festungsflimmern, Manger, Werther &amp; Werther GbR, vertr. d.d. pers\u00f6nlich haftenden Gesellschafter Nicolas Manger, Steffen Werther, Frederik Werther, Beethovenstr. 5D, 97080 W\u00fcrzburg, im Folgenden \u201eVerk\u00e4ufer\u201c genannt und dem jeweiligen Kunden.<\/li>\n<li>Diese Allgemeinen Gesch\u00e4ftsbedingungen gelten ausschlie\u00dflich. Entgegenstehende oder von diesen Gesch\u00e4ftsbedingungen abweichende Bedingungen des Kunden werden nicht anerkannt, es sei denn, der Verk\u00e4ufer hat diesen im Einzelfall ausdr\u00fccklich zugestimmt.<\/li>\n<li>Sie gelten sowohl gegen\u00fcber Verbrauchern, als auch gegen\u00fcber Unternehmern. Verbraucher im Sinne dieser AGB ist jede nat\u00fcrliche Person, die die Bestellung zu Zwecken vornimmt, die \u00fcberwiegend weder ihrer gewerblichen noch ihrer selbst\u00e4ndigen beruflichen T\u00e4tigkeit zugerechnet werden kann. Unternehmer im Sinne dieser AGB ist eine nat\u00fcrliche oder juristische Person oder eine rechtsf\u00e4hige Personengesellschaft, die bei der Bestellung in Aus\u00fcbung ihrer gewerblichen oder selbst\u00e4ndigen beruflichen T\u00e4tigkeit handelt.<\/li>\n<li>Gegenstand des jeweiligen Vertrages ist der Warenverkauf durch den Verk\u00e4ufer an den Kunden.<\/li>\n<li>Bei den von dem Verk\u00e4ufer auf seiner Webseite bereitgehaltenen Angeboten handelt es sich um bindende Angebote zum Abschluss eines Kaufvertrages. Ein wirksamer Kaufvertrag zwischen den Parteien kommt zustande, wenn der K\u00e4ufer am Ende des Bestellvorgangs auf \u201ezahlungspflichtig bestellen\u201c klickt.<\/li>\n<li>Der Vertragstext und die Allgemeinen Gesch\u00e4ftsbedingungen werden dem Kunden nach der Bestellung per Email \u00fcbersandt. Der Verk\u00e4ufer speichert den Vertragstext nicht gesondert.<\/li>\n<li>Der Vertragsschluss findet ausschlie\u00dflich in deutscher Sprache statt. Es ist deutsches Recht anwendbar, soweit der Kunde Kaufmann ist.<\/li>\n<li>Alle Preisangaben verstehen sich als Brutto-Europreise.<\/li>\n<\/ol>\n<ul>\n<li><strong>2 Abwicklung des Kaufvertrages, Versandkosten<\/strong><\/li>\n<\/ul>\n<ol>\n<li>Bei Abschluss des Kaufvertrages wird die Zahlung des Kaufpreises sofort f\u00e4llig.<\/li>\n<li>Der Verk\u00e4ufer ist berechtigt, vom Vertrag zur\u00fcckzutreten, soweit er trotz des vorherigen Abschlusses eines entsprechenden Einkaufsvertrages seinerseits den Leistungsgegenstand nicht erh\u00e4lt; die Verantwortlichkeit des Verk\u00e4ufers f\u00fcr Vorsatz oder Fahrl\u00e4ssigkeit bleibt unber\u00fchrt. Der Verk\u00e4ufer wird in diesem Fall den K\u00e4ufer unverz\u00fcglich \u00fcber die Nichtverf\u00fcgbarkeit informieren und diesem eine bereits erbrachte Gegenleistung unverz\u00fcglich erstatten. Der Verk\u00e4ufer beh\u00e4lt sich f\u00fcr diesen Fall vor, eine preislich und qualitativ gleichwertige Ware anzubieten, mit dem Ziel, einen neuen Vertrag \u00fcber den Kauf der preislich und qualitativ gleichen Ware abzuschlie\u00dfen.<\/li>\n<\/ol>\n<ul>\n<li><strong>3 Gew\u00e4hrleistung und Haftung<\/strong><\/li>\n<\/ul>\n<ol>\n<li>F\u00fcr M\u00e4ngel der Waren haftet der Verk\u00e4ufer grunds\u00e4tzlich nach Ma\u00dfgabe der gesetzlichen Bestimmungen des Kaufrechts (\u00a7\u00a7 434 ff. BGB) und \u2013 wenn der Kunde Verbraucher ist \u2013 des Verbrauchsg\u00fcterkaufrechts (\u00a7\u00a7 474 ff. BGB), es sei denn, in diesen AGB ist etwas anderes bestimmt.<\/li>\n<\/ol>\n<ol start=\"2\">\n<li>Sofern der Kunde Unternehmer ist, betr\u00e4gt die Gew\u00e4hrleistungsfrist der Rechte aus \u00a7 437 Nr. 1 und Nr. 3 BGB f\u00fcr neue Artikel abweichend von \u00a7 438 Abs. 1 Nr. 3 BGB ein Jahr ab dem gesetzlichen Verj\u00e4hrungsbeginn. F\u00fcr Verbraucher gilt im Fall von \u00a7 438 Abs. 1 Nr. 3 BGB die gesetzliche Gew\u00e4hrleistungsfrist von zwei Jahren.<\/li>\n<\/ol>\n<ol>\n<li>Sofern der Kunde Unternehmer ist, wird f\u00fcr gebrauchte Artikel die Gew\u00e4hrleistung ausgeschlossen. Gegen\u00fcber Verbrauchern wird f\u00fcr gebrauchte Artikel die Gew\u00e4hrleistungsfrist der Rechte aus \u00a7 437 Nr. 1 und Nr. 3 BGB abweichend von \u00a7 438 Abs. 1 Nr. 3 BGB auf ein Jahr ab dem gesetzlichen Verj\u00e4hrungsbeginn verk\u00fcrzt.<\/li>\n<li>Der Verk\u00e4ufer haftet grunds\u00e4tzlich nicht f\u00fcr leicht fahrl\u00e4ssig verursachte Sch\u00e4den.<\/li>\n<li>Die Haftungseinschr\u00e4nkungen nach den vorangegangenen Nummern 2, 3 und 4 gelten nicht f\u00fcr Sch\u00e4den aus der Verletzung des Lebens, des K\u00f6rpers oder der Gesundheit, beim arglistigen Verschweigen von M\u00e4ngeln, Anspr\u00fcchen aus dem Produkthaftungsgesetz, im Falle des Vorsatzes und der groben Fahrl\u00e4ssigkeit sowie bei Verletzung von Pflichten, deren Erf\u00fcllung die ordnungsgem\u00e4\u00dfe Durchf\u00fchrung des Vertrages \u00fcberhaupt erst erm\u00f6glichen und auf deren Einhaltung der Kunde regelm\u00e4\u00dfig vertrauen darf.<\/li>\n<\/ol>\n<p>&nbsp;<\/p>\n<ul>\n<li><strong>4 Verzug und Verzugskosten<\/strong>\n<ol>\n<li>Der Kunde, der kein Verbraucher ist, ger\u00e4t in Verzug, wenn er innerhalb von 30 Tagen nach F\u00e4lligkeit nicht geleistet hat.<\/li>\n<li>Verbraucher geraten ebenso innerhalb von 30 Tagen nach F\u00e4lligkeit in Verzug, wenn Sie auf diese Folge in der Rechnung oder Zahlungsaufforderung hingewiesen werden.<\/li>\n<li>Der Verk\u00e4ufer ist berechtigt, f\u00fcr jede Mahnung pauschale Mahnkosten in H\u00f6he von 2,50 \u20ac gegen\u00fcber dem Kunden geltend zu machen. Dem Kunden ist der Nachweis gestattet, dass kein oder nur ein geringerer Schaden entstanden ist. Die Geltendmachung weiterer Mahnkosten bleibt ausdr\u00fccklich vorbehalten.<\/li>\n<\/ol>\n<\/li>\n<\/ul>\n<ul>\n<li><strong>5 Schlussbestimmungen<\/strong><\/li>\n<\/ul>\n<ol>\n<li>Auf die vorliegenden Allgemeinen Gesch\u00e4ftsbedingungen und auf den jeweils geschlossenen Kaufvertrag ist ausschlie\u00dflich deutsches Recht unter Ausschluss des UN-Kaufrechts anwendbar, wenn der Kunde kein Verbraucher ist.<\/li>\n<li>Sollten eine oder mehrere Klauseln dieser Gesch\u00e4ftsbedingungen ganz oder teilweise unwirksam sein, so soll hierdurch die G\u00fcltigkeit der \u00fcbrigen Bestimmungen nicht ber\u00fchrt sein.<\/li>\n<\/ol>\n<p>&nbsp;<\/p>\n<p>Stand: 18.05.2018<\/p>\n<\/div>\n<\/div>\n","protected":false},"excerpt":{"rendered":"<p>\u00badie eine\u2026 nacht \/\/ Festungsflimmern Manger &amp; Werther GbR vertr. d.d. pers\u00f6nlich haftenden Gesellschafter: Nico Manger &amp; Steffen Werther Beethovenstr. 5D 97080 W\u00fcrzburg Bei Ticket-Problemen bitte eine kleine E-Mail an: kino@dieeine.de &nbsp; Tel: \u00a00931 45321034 (14-17 Uhr) &nbsp; Hinweis zur Streitbeilegung: Die Online-Streitbeilegung-Plattform der EU-Kommission [&hellip;]<\/p>\n","protected":false},"author":1,"featured_media":0,"parent":0,"menu_order":0,"comment_status":"open","ping_status":"open","template":"","meta":{"footnotes":""},"class_list":["post-6","page","type-page","status-publish","hentry"],"_links":{"self":[{"href":"https:\/\/www.autoflimmern.de\/index.php?rest_route=\/wp\/v2\/pages\/6","targetHints":{"allow":["GET"]}}],"collection":[{"href":"https:\/\/www.autoflimmern.de\/index.php?rest_route=\/wp\/v2\/pages"}],"about":[{"href":"https:\/\/www.autoflimmern.de\/index.php?rest_route=\/wp\/v2\/types\/page"}],"author":[{"embeddable":true,"href":"https:\/\/www.autoflimmern.de\/index.php?rest_route=\/wp\/v2\/users\/1"}],"replies":[{"embeddable":true,"href":"https:\/\/www.autoflimmern.de\/index.php?rest_route=%2Fwp%2Fv2%2Fcomments&post=6"}],"version-history":[{"count":5,"href":"https:\/\/www.autoflimmern.de\/index.php?rest_route=\/wp\/v2\/pages\/6\/revisions"}],"predecessor-version":[{"id":4707,"href":"https:\/\/www.autoflimmern.de\/index.php?rest_route=\/wp\/v2\/pages\/6\/revisions\/4707"}],"wp:attachment":[{"href":"https:\/\/www.autoflimmern.de\/index.php?rest_route=%2Fwp%2Fv2%2Fmedia&parent=6"}],"curies":[{"name":"wp","href":"https:\/\/api.w.org\/{rel}","templated":true}]}}